[INFO] fetching crate energenie-api 0.1.4...
[INFO] checking energenie-api-0.1.4 against master#e6e4f7ed1589e03bc2f6c5931c1a72e7947e8682 for beta-170-4
[INFO] extracting crate energenie-api 0.1.4 into /workspace/builds/worker-6-tc2/source
[INFO] validating manifest of crates.io crate energenie-api 0.1.4 on toolchain e6e4f7ed1589e03bc2f6c5931c1a72e7947e8682
[INFO] running `Command { std: CARGO_HOME="/workspace/cargo-home" RUSTUP_HOME="/workspace/rustup-home" "/workspace/cargo-home/bin/cargo" "+e6e4f7ed1589e03bc2f6c5931c1a72e7947e8682" "metadata" "--manifest-path" "Cargo.toml" "--no-deps", kill_on_drop: false }`
[INFO] started tweaking crates.io crate energenie-api 0.1.4
[INFO] finished tweaking crates.io crate energenie-api 0.1.4
[INFO] tweaked toml for crates.io crate energenie-api 0.1.4 written to /workspace/builds/worker-6-tc2/source/Cargo.toml
[INFO] running `Command { std: CARGO_HOME="/workspace/cargo-home" RUSTUP_HOME="/workspace/rustup-home" __CARGO_TEST_CHANNEL_OVERRIDE_DO_NOT_USE_THIS="nightly" "/workspace/cargo-home/bin/cargo" "+e6e4f7ed1589e03bc2f6c5931c1a72e7947e8682" "generate-lockfile" "--manifest-path" "Cargo.toml" "-Zno-index-update", kill_on_drop: false }`
[INFO] running `Command { std: CARGO_HOME="/workspace/cargo-home" RUSTUP_HOME="/workspace/rustup-home" "/workspace/cargo-home/bin/cargo" "+e6e4f7ed1589e03bc2f6c5931c1a72e7947e8682" "fetch" "--manifest-path" "Cargo.toml", kill_on_drop: false }`
[INFO] running `Command { std: "docker" "create" "-v" "/var/lib/crater-agent-workspace/builds/worker-6-tc2/target:/opt/rustwide/target:rw,Z" "-v" "/var/lib/crater-agent-workspace/builds/worker-6-tc2/source:/opt/rustwide/workdir:ro,Z" "-v" "/var/lib/crater-agent-workspace/cargo-home:/opt/rustwide/cargo-home:ro,Z" "-v" "/var/lib/crater-agent-workspace/rustup-home:/opt/rustwide/rustup-home:ro,Z" "-e" "SOURCE_DIR=/opt/rustwide/workdir" "-e" "CARGO_TARGET_DIR=/opt/rustwide/target" "-e" "CARGO_HOME=/opt/rustwide/cargo-home" "-e" "RUSTUP_HOME=/opt/rustwide/rustup-home" "-w" "/opt/rustwide/workdir" "-m" "1610612736" "--user" "0:0" "--network" "none" "ghcr.io/rust-lang/crates-build-env/linux@sha256:19e73879b68f455e41552ea35293514db52ea292d993f571636dbffedb77a1ee" "/opt/rustwide/cargo-home/bin/cargo" "+e6e4f7ed1589e03bc2f6c5931c1a72e7947e8682" "metadata" "--no-deps" "--format-version=1", kill_on_drop: false }`
[INFO] [stdout] dd4d0d6f0c920f8a2f2676df2908c7fa42370584044c6d0df269cc39f111df7c
[INFO] running `Command { std: "docker" "start" "-a" "dd4d0d6f0c920f8a2f2676df2908c7fa42370584044c6d0df269cc39f111df7c", kill_on_drop: false }`
[INFO] running `Command { std: "docker" "inspect" "dd4d0d6f0c920f8a2f2676df2908c7fa42370584044c6d0df269cc39f111df7c", kill_on_drop: false }`
[INFO] running `Command { std: "docker" "rm" "-f" "dd4d0d6f0c920f8a2f2676df2908c7fa42370584044c6d0df269cc39f111df7c", kill_on_drop: false }`
[INFO] [stdout] dd4d0d6f0c920f8a2f2676df2908c7fa42370584044c6d0df269cc39f111df7c
[INFO] running `Command { std: "docker" "create" "-v" "/var/lib/crater-agent-workspace/builds/worker-6-tc2/target:/opt/rustwide/target:rw,Z" "-v" "/var/lib/crater-agent-workspace/builds/worker-6-tc2/source:/opt/rustwide/workdir:ro,Z" "-v" "/var/lib/crater-agent-workspace/cargo-home:/opt/rustwide/cargo-home:ro,Z" "-v" "/var/lib/crater-agent-workspace/rustup-home:/opt/rustwide/rustup-home:ro,Z" "-e" "SOURCE_DIR=/opt/rustwide/workdir" "-e" "CARGO_TARGET_DIR=/opt/rustwide/target" "-e" "CARGO_INCREMENTAL=0" "-e" "RUST_BACKTRACE=full" "-e" "RUSTFLAGS=--cap-lints=forbid" "-e" "RUSTDOCFLAGS=--cap-lints=forbid" "-e" "CARGO_HOME=/opt/rustwide/cargo-home" "-e" "RUSTUP_HOME=/opt/rustwide/rustup-home" "-w" "/opt/rustwide/workdir" "-m" "1610612736" "--user" "0:0" "--network" "none" "ghcr.io/rust-lang/crates-build-env/linux@sha256:19e73879b68f455e41552ea35293514db52ea292d993f571636dbffedb77a1ee" "/opt/rustwide/cargo-home/bin/cargo" "+e6e4f7ed1589e03bc2f6c5931c1a72e7947e8682" "check" "--frozen" "--all" "--all-targets" "--message-format=json", kill_on_drop: false }`
[INFO] [stdout] 9b83df0f7d0a65b5e9c041fbeb5e8214736d88b46afd988c83b662d07df570b2
[INFO] running `Command { std: "docker" "start" "-a" "9b83df0f7d0a65b5e9c041fbeb5e8214736d88b46afd988c83b662d07df570b2", kill_on_drop: false }`
[INFO] [stderr]    Compiling libc v0.2.144
[INFO] [stderr]    Compiling crossbeam-utils v0.7.2
[INFO] [stderr]    Compiling maybe-uninit v2.0.0
[INFO] [stderr]     Checking either v1.8.1
[INFO] [stderr]     Checking rand_core v0.4.2
[INFO] [stderr]    Compiling syn v2.0.18
[INFO] [stderr]    Compiling autocfg v0.1.8
[INFO] [stderr]    Compiling parking_lot_core v0.6.3
[INFO] [stderr]    Compiling memoffset v0.5.6
[INFO] [stderr]    Compiling pkg-config v0.3.27
[INFO] [stderr]     Checking rand_core v0.3.1
[INFO] [stderr]    Compiling parking_lot v0.9.0
[INFO] [stderr]    Compiling crossbeam-epoch v0.8.2
[INFO] [stderr]     Checking matches v0.1.10
[INFO] [stderr]    Compiling unicase v2.6.0
[INFO] [stderr]     Checking smallvec v0.6.14
[INFO] [stderr]     Checking lock_api v0.3.4
[INFO] [stderr]    Compiling syn v1.0.109
[INFO] [stderr]     Checking adler v1.0.2
[INFO] [stderr]     Checking itoa v0.4.8
[INFO] [stderr]     Checking tokio-sync v0.1.8
[INFO] [stderr]     Checking tokio-executor v0.1.10
[INFO] [stderr]    Compiling indexmap v1.9.3
[INFO] [stderr]    Compiling openssl-sys v0.9.88
[INFO] [stderr]     Checking crossbeam-queue v0.2.3
[INFO] [stderr]     Checking crossbeam-deque v0.7.4
[INFO] [stderr]     Checking idna v0.1.5
[INFO] [stderr]    Compiling rand_pcg v0.1.2
[INFO] [stderr]    Compiling rand_chacha v0.1.1
[INFO] [stderr]    Compiling backtrace v0.3.67
[INFO] [stderr]     Checking gimli v0.27.2
[INFO] [stderr]    Compiling unicode-xid v0.2.4
[INFO] [stderr]     Checking percent-encoding v1.0.1
[INFO] [stderr]     Checking foreign-types-shared v0.1.1
[INFO] [stderr]    Compiling openssl v0.10.53
[INFO] [stderr]    Compiling failure_derive v0.1.8
[INFO] [stderr]     Checking url v1.7.2
[INFO] [stderr]     Checking foreign-types v0.3.2
[INFO] [stderr]     Checking tokio-timer v0.2.13
[INFO] [stderr]     Checking iovec v0.1.4
[INFO] [stderr]     Checking num_cpus v1.15.0
[INFO] [stderr]     Checking net2 v0.2.38
[INFO] [stderr]     Checking bytes v0.4.12
[INFO] [stderr]     Checking time v0.1.45
[INFO] [stderr]     Checking mio v0.6.23
[INFO] [stderr]     Checking tokio-threadpool v0.1.18
[INFO] [stderr]     Checking tokio-io v0.1.13
[INFO] [stderr]     Checking http v0.1.21
[INFO] [stderr]     Checking tokio-buf v0.1.1
[INFO] [stderr]     Checking string v0.2.1
[INFO] [stderr]     Checking tokio-reactor v0.1.12
[INFO] [stderr]     Checking tokio-current-thread v0.1.7
[INFO] [stderr]     Checking miniz_oxide v0.6.2
[INFO] [stderr]     Checking object v0.30.3
[INFO] [stderr]     Checking tokio-tcp v0.1.4
[INFO] [stderr]    Compiling rand v0.6.5
[INFO] [stderr]    Compiling hyper v0.12.36
[INFO] [stderr]     Checking rustc-demangle v0.1.23
[INFO] [stderr]    Compiling native-tls v0.2.11
[INFO] [stderr]    Compiling crc32fast v1.3.2
[INFO] [stderr]     Checking want v0.2.0
[INFO] [stderr]    Compiling synstructure v0.12.6
[INFO] [stderr]     Checking tokio v0.1.22
[INFO] [stderr]    Compiling mime_guess v2.0.4
[INFO] [stderr]     Checking addr2line v0.19.0
[INFO] [stderr]     Checking futures-cpupool v0.1.8
[INFO] [stderr]     Checking rand_os v0.1.3
[INFO] [stderr]     Checking http-body v0.1.0
[INFO] [stderr]     Checking h2 v0.1.26
[INFO] [stderr]     Checking idna v0.2.3
[INFO] [stderr]     Checking rand_isaac v0.1.1
[INFO] [stderr]     Checking rand_xorshift v0.1.1
[INFO] [stderr]     Checking rand_hc v0.1.0
[INFO] [stderr]     Checking rand_jitter v0.1.4
[INFO] [stderr]     Checking openssl-probe v0.1.5
[INFO] [stderr]     Checking cookie v0.12.0
[INFO] [stderr]     Checking publicsuffix v1.5.6
[INFO] [stderr]     Checking atty v0.2.14
[INFO] [stderr]     Checking miniz_oxide v0.7.1
[INFO] [stderr]     Checking aho-corasick v1.0.1
[INFO] [stderr]     Checking try_from v0.3.2
[INFO] [stderr]     Checking regex-syntax v0.7.2
[INFO] [stderr]     Checking dtoa v0.4.8
[INFO] [stderr]     Checking uuid v0.7.4
[INFO] [stderr]     Checking flate2 v1.0.26
[INFO] [stderr]     Checking colored v1.9.3
[INFO] [stderr]     Checking rand v0.5.6
[INFO] [stderr]     Checking base64 v0.10.1
[INFO] [stderr]     Checking difference v2.0.0
[INFO] [stderr]    Compiling serde_derive v1.0.163
[INFO] [stderr]    Compiling openssl-macros v0.1.1
[INFO] [stderr]     Checking failure v0.1.8
[INFO] [stderr]     Checking regex v1.8.3
[INFO] [stderr]     Checking serde v1.0.163
[INFO] [stderr]     Checking hyper-tls v0.3.2
[INFO] [stderr]     Checking serde_json v1.0.96
[INFO] [stderr]     Checking serde_urlencoded v0.5.5
[INFO] [stderr]     Checking cookie_store v0.7.0
[INFO] [stderr]     Checking mockito v0.17.1
[INFO] [stderr]     Checking reqwest v0.9.24
[INFO] [stderr]     Checking energenie-api v0.1.4 (/opt/rustwide/workdir)
[INFO] [stdout] error[E0432]: unresolved import `super::serde::private::ser::Error`
[INFO] [stdout]  --> src/api/json/mod.rs:5:5
[INFO] [stdout]   |
[INFO] [stdout] 5 | use super::serde::private::ser::Error;
[INFO] [stdout]   |     ^^^^^^^^^^^^^^^^^^^^^^^^^^^^^^^^^ no `Error` in `__private::ser`
[INFO] [stdout]   |
[INFO] [stdout] help: a similar name exists in the module
[INFO] [stdout]   |
[INFO] [stdout] 5 | use super::serde::private::ser::error;
[INFO] [stdout]   |                                 ~~~~~
[INFO] [stdout] help: consider importing one of these items instead
[INFO] [stdout]   |
[INFO] [stdout] 5 | use core::error::Error;
[INFO] [stdout]   |     ~~~~~~~~~~~~~~~~~~
[INFO] [stdout] 5 | use core::fmt::Error;
[INFO] [stdout]   |     ~~~~~~~~~~~~~~~~
[INFO] [stdout] 5 | use crate::api::json::fmt::Error;
[INFO] [stdout]   |     ~~~~~~~~~~~~~~~~~~~~~~~~~~~~
[INFO] [stdout] 5 | use reqwest::Error;
[INFO] [stdout]   |     ~~~~~~~~~~~~~~
[INFO] [stdout]     and 9 other candidates
[INFO] [stdout] 
[INFO] [stdout] 
[INFO] [stdout] error[E0432]: unresolved import `super::serde::private::ser::Error`
[INFO] [stdout]  --> src/api/json/mod.rs:5:5
[INFO] [stdout]   |
[INFO] [stdout] 5 | use super::serde::private::ser::Error;
[INFO] [stdout]   |     ^^^^^^^^^^^^^^^^^^^^^^^^^^^^^^^^^ no `Error` in `__private::ser`
[INFO] [stdout]   |
[INFO] [stdout] help: a similar name exists in the module
[INFO] [stdout]   |
[INFO] [stdout] 5 | use super::serde::private::ser::error;
[INFO] [stdout]   |                                 ~~~~~
[INFO] [stdout] help: consider importing one of these items instead
[INFO] [stdout]   |
[INFO] [stdout] 5 | use core::error::Error;
[INFO] [stdout]   |     ~~~~~~~~~~~~~~~~~~
[INFO] [stdout] 5 | use core::fmt::Error;
[INFO] [stdout]   |     ~~~~~~~~~~~~~~~~
[INFO] [stdout] 5 | use crate::api::json::fmt::Error;
[INFO] [stdout]   |     ~~~~~~~~~~~~~~~~~~~~~~~~~~~~
[INFO] [stdout] 5 | use reqwest::Error;
[INFO] [stdout]   |     ~~~~~~~~~~~~~~
[INFO] [stdout]     and 9 other candidates
[INFO] [stdout] 
[INFO] [stdout] 
[INFO] [stdout] error[E0603]: module `private` is private
[INFO] [stdout]    --> src/api/json/mod.rs:5:19
[INFO] [stdout]     |
[INFO] [stdout] 5   | use super::serde::private::ser::Error;
[INFO] [stdout]     |                   ^^^^^^^ private module
[INFO] [stdout]     |
[INFO] [stdout] note: the module `private` is defined here
[INFO] [stdout]    --> /opt/rustwide/cargo-home/registry/src/index.crates.io-6f17d22bba15001f/serde-1.0.163/src/lib.rs:324:5
[INFO] [stdout]     |
[INFO] [stdout] 324 | use self::__private as private;
[INFO] [stdout]     |     ^^^^^^^^^^^^^^^
[INFO] [stdout] 
[INFO] [stdout] 
[INFO] [stdout] warning: unused import: `std::env`
[INFO] [stdout]  --> src/api/types/config.rs:1:5
[INFO] [stdout]   |
[INFO] [stdout] 1 | use std::env;
[INFO] [stdout]   |     ^^^^^^^^
[INFO] [stdout]   |
[INFO] [stdout]   = note: `#[warn(unused_imports)]` on by default
[INFO] [stdout] 
[INFO] [stdout] 
[INFO] [stdout] warning: unused import: `EnergenieSubDeviceHeader`
[INFO] [stdout]  --> src/api/types/sub_devices.rs:5:43
[INFO] [stdout]   |
[INFO] [stdout] 5 | use crate::api::json::{EnergenieResponse, EnergenieSubDeviceHeader, EnergenieSubDevice};
[INFO] [stdout]   |                                           ^^^^^^^^^^^^^^^^^^^^^^^^
[INFO] [stdout] 
[INFO] [stdout] 
[INFO] [stdout] warning: unused import: `Deserializer`
[INFO] [stdout]  --> src/api/json/mod.rs:3:33
[INFO] [stdout]   |
[INFO] [stdout] 3 | use super::serde::{Deserialize, Deserializer};
[INFO] [stdout]   |                                 ^^^^^^^^^^^^
[INFO] [stdout] 
[INFO] [stdout] 
[INFO] [stdout] warning: unused import: `super::serde::de::Visitor`
[INFO] [stdout]  --> src/api/json/mod.rs:4:5
[INFO] [stdout]   |
[INFO] [stdout] 4 | use super::serde::de::Visitor;
[INFO] [stdout]   |     ^^^^^^^^^^^^^^^^^^^^^^^^^
[INFO] [stdout] 
[INFO] [stdout] 
[INFO] [stdout] warning: unused import: `std::fmt`
[INFO] [stdout]  --> src/api/json/mod.rs:6:5
[INFO] [stdout]   |
[INFO] [stdout] 6 | use std::fmt;
[INFO] [stdout]   |     ^^^^^^^^
[INFO] [stdout] 
[INFO] [stdout] 
[INFO] [stdout] error[E0603]: module `private` is private
[INFO] [stdout]    --> src/api/json/mod.rs:5:19
[INFO] [stdout]     |
[INFO] [stdout] 5   | use super::serde::private::ser::Error;
[INFO] [stdout]     |                   ^^^^^^^ private module
[INFO] [stdout]     |
[INFO] [stdout] note: the module `private` is defined here
[INFO] [stdout]    --> /opt/rustwide/cargo-home/registry/src/index.crates.io-6f17d22bba15001f/serde-1.0.163/src/lib.rs:324:5
[INFO] [stdout]     |
[INFO] [stdout] 324 | use self::__private as private;
[INFO] [stdout]     |     ^^^^^^^^^^^^^^^
[INFO] [stdout] 
[INFO] [stdout] 
[INFO] [stdout] warning: unused import: `Matcher`
[INFO] [stdout]   --> src/api/types/session.rs:57:25
[INFO] [stdout]    |
[INFO] [stdout] 57 |     use mockito::{mock, Matcher};
[INFO] [stdout]    |                         ^^^^^^^
[INFO] [stdout]    |
[INFO] [stdout]    = note: `#[warn(unused_imports)]` on by default
[INFO] [stdout] 
[INFO] [stdout] 
[INFO] [stdout] warning: unused import: `std::env`
[INFO] [stdout]  --> src/api/types/config.rs:1:5
[INFO] [stdout]   |
[INFO] [stdout] 1 | use std::env;
[INFO] [stdout]   |     ^^^^^^^^
[INFO] [stdout] 
[INFO] [stdout] 
[INFO] [stdout] warning: unused import: `EnergenieSubDeviceHeader`
[INFO] [stdout]  --> src/api/types/sub_devices.rs:5:43
[INFO] [stdout]   |
[INFO] [stdout] 5 | use crate::api::json::{EnergenieResponse, EnergenieSubDeviceHeader, EnergenieSubDevice};
[INFO] [stdout]   |                                           ^^^^^^^^^^^^^^^^^^^^^^^^
[INFO] [stdout] 
[INFO] [stdout] 
[INFO] [stdout] warning: unused import: `Matcher`
[INFO] [stdout]   --> src/api/types/sub_devices.rs:56:25
[INFO] [stdout]    |
[INFO] [stdout] 56 |     use mockito::{mock, Matcher};
[INFO] [stdout]    |                         ^^^^^^^
[INFO] [stdout] 
[INFO] [stdout] 
[INFO] [stdout] warning: unused import: `Deserializer`
[INFO] [stdout]  --> src/api/json/mod.rs:3:33
[INFO] [stdout]   |
[INFO] [stdout] 3 | use super::serde::{Deserialize, Deserializer};
[INFO] [stdout]   |                                 ^^^^^^^^^^^^
[INFO] [stdout] 
[INFO] [stdout] 
[INFO] [stdout] warning: unused import: `super::serde::de::Visitor`
[INFO] [stdout]  --> src/api/json/mod.rs:4:5
[INFO] [stdout]   |
[INFO] [stdout] 4 | use super::serde::de::Visitor;
[INFO] [stdout]   |     ^^^^^^^^^^^^^^^^^^^^^^^^^
[INFO] [stdout] 
[INFO] [stdout] 
[INFO] [stdout] warning: unused import: `std::fmt`
[INFO] [stdout]  --> src/api/json/mod.rs:6:5
[INFO] [stdout]   |
[INFO] [stdout] 6 | use std::fmt;
[INFO] [stdout]   |     ^^^^^^^^
[INFO] [stdout] 
[INFO] [stdout] 
[INFO] [stdout] error: aborting due to 2 previous errors; 5 warnings emitted
[INFO] [stdout] 
[INFO] [stdout] 
[INFO] [stdout] Some errors have detailed explanations: E0432, E0603.
[INFO] [stdout] 
[INFO] [stdout] For more information about an error, try `rustc --explain E0432`.
[INFO] [stdout] 
[INFO] [stderr] error: could not compile `energenie-api` (lib) due to 3 previous errors; 5 warnings emitted
[INFO] [stderr] warning: build failed, waiting for other jobs to finish...
[INFO] [stdout] error: aborting due to 2 previous errors; 7 warnings emitted
[INFO] [stdout] 
[INFO] [stdout] 
[INFO] [stdout] Some errors have detailed explanations: E0432, E0603.
[INFO] [stdout] 
[INFO] [stdout] For more information about an error, try `rustc --explain E0432`.
[INFO] [stdout] 
[INFO] [stderr] error: could not compile `energenie-api` (lib test) due to 3 previous errors; 7 warnings emitted
[INFO] running `Command { std: "docker" "inspect" "9b83df0f7d0a65b5e9c041fbeb5e8214736d88b46afd988c83b662d07df570b2", kill_on_drop: false }`
[INFO] running `Command { std: "docker" "rm" "-f" "9b83df0f7d0a65b5e9c041fbeb5e8214736d88b46afd988c83b662d07df570b2", kill_on_drop: false }`
[INFO] [stdout] 9b83df0f7d0a65b5e9c041fbeb5e8214736d88b46afd988c83b662d07df570b2
